{"id":4807,"date":"2019-12-28T14:30:16","date_gmt":"2019-12-28T13:30:16","guid":{"rendered":"https:\/\/www.johannes-prassek.de\/?page_id=4807"},"modified":"2022-05-24T01:08:35","modified_gmt":"2022-05-23T23:08:35","slug":"haus-emmaus-geschichte","status":"publish","type":"page","link":"https:\/\/johannes-prassek.de\/?page_id=4807","title":{"rendered":"Haus Emmaus Geschichte"},"content":{"rendered":"<h1>Die Geschichte des \u201eHaus Emmaus\u201c<\/h1>\n<p><strong>von Klaus Lutterb\u00fcse und Vincenz Wagner<\/strong><\/p>\n<p><a href=\"https:\/\/prassek.ansgar-portal.de\/wp-content\/uploads\/sites\/2\/2020\/01\/geschichte_haus_emmaus_10.jpeg\"><img loading=\"lazy\" decoding=\"async\" class=\"wp-image-4970 aligncenter\" src=\"https:\/\/prassek.ansgar-portal.de\/wp-content\/uploads\/sites\/2\/2020\/01\/geschichte_haus_emmaus_10.jpeg\" alt=\"\" width=\"270\" height=\"207\" srcset=\"https:\/\/johannes-prassek.de\/wp-content\/uploads\/2020\/01\/geschichte_haus_emmaus_10.jpeg 600w, https:\/\/johannes-prassek.de\/wp-content\/uploads\/2020\/01\/geschichte_haus_emmaus_10-300x230.jpeg 300w\" sizes=\"auto, (max-width: 270px) 100vw, 270px\" \/><\/a>Wir haben in unserem Pfarrarchiv ein Fotoalbum mit dem Titel \u201eEin Traum wird Wirklichkeit\u201c. Darin ist anhand von Fotos dokumentiert, wie es zum \u201eHaus Emmaus\u201c kam.<br \/>\nAlles begann wirklich damit, dass da<em> jemand<\/em> war, der eine Vision, einen Traum hatte, dessen Verwirklichung er \u00fcber neun Jahre hin geduldig, unbeirrt und z\u00e4h verfolgte.<br \/>\nDieser Mann war <em>Pfarrer Joachim von Stockhausen<\/em>. Seit Juli 1965 zun\u00e4chst Kaplan in St. Wilhelm, wurde er ab M\u00e4rz 1970 selber zum Nachfolger seines Vorg\u00e4ngers ernannt und blieb es bis zu seinem Tod \u2013 nach schwerer Krankheit \u2013 Mitte Februar 1992.<\/p>\n<p>Immer schon wollte er f\u00fcr seine Gemeinde ein Freizeit- und Bildungshaus erwerben, und gleich nach <em>Unterzeichnung des Kaufvertrages<\/em> \u2013 Anfang April 1979 -, der die riskante Finanzierung regelte, stand auch der Name schon fest: \u201eHaus Emmaus\u201c.<\/p>\n<p>So wie die <em>Emmausj\u00fcnger<\/em> in der Betroffenheit durch das Karfreitagsgeschehen erst durch gemeinsames Gespr\u00e4ch und durch wachsende Offenheit f\u00fcr den unerkannt anwesenden und sie begleitenden Herrn zur vollen Wahrheit durchstie\u00dfen, so sollte ein solches Haus \u2013 so war die Vision\u2013 Jung und Alt, <em>Menschen aller Altersstufen<\/em> die M\u00f6glichkeit bieten, ebenfalls durch gemeinsames Tun und Erleben, durch Austausch im Gespr\u00e4ch, durch wachsende Offenheit f\u00fcr den verborgen mit anwesenden Herrn Freude und Gemeinschaft zu erfahren und wom\u00f6glich wachsende gl\u00e4ubige Einsicht und Wegweisung reifen zu lassen.<\/p>\n<p><a href=\"https:\/\/prassek.ansgar-portal.de\/wp-content\/uploads\/sites\/2\/2020\/01\/geschichte_haus_emmaus_12.jpeg\"><img loading=\"lazy\" decoding=\"async\" class=\"wp-image-4972 aligncenter\" src=\"https:\/\/prassek.ansgar-portal.de\/wp-content\/uploads\/sites\/2\/2020\/01\/geschichte_haus_emmaus_12.jpeg\" alt=\"\" width=\"313\" height=\"245\" srcset=\"https:\/\/johannes-prassek.de\/wp-content\/uploads\/2020\/01\/geschichte_haus_emmaus_12.jpeg 600w, https:\/\/johannes-prassek.de\/wp-content\/uploads\/2020\/01\/geschichte_haus_emmaus_12-300x235.jpeg 300w\" sizes=\"auto, (max-width: 313px) 100vw, 313px\" \/><\/a>So sollte das Haus auf jeden Fall in der N\u00e4he eines spirituellen Zentrums angesiedelt sein, und somit bot sich f\u00fcr die Suche die weitere oder n\u00e4here Umgebung von <em>Kloster N\u00fctschau<\/em> an, des Priorats der Benediktiner.<\/p>\n<p><a href=\"https:\/\/prassek.ansgar-portal.de\/wp-content\/uploads\/sites\/2\/2020\/01\/geschichte_haus_emmaus_3.jpeg\"><img loading=\"lazy\" decoding=\"async\" class=\"wp-image-4963 aligncenter\" src=\"https:\/\/prassek.ansgar-portal.de\/wp-content\/uploads\/sites\/2\/2020\/01\/geschichte_haus_emmaus_3.jpeg\" alt=\"\" width=\"333\" height=\"250\" srcset=\"https:\/\/johannes-prassek.de\/wp-content\/uploads\/2020\/01\/geschichte_haus_emmaus_3.jpeg 600w, https:\/\/johannes-prassek.de\/wp-content\/uploads\/2020\/01\/geschichte_haus_emmaus_3-300x225.jpeg 300w\" sizes=\"auto, (max-width: 333px) 100vw, 333px\" \/><\/a>Ein<em> Einzelhaus in Wolkenwehe, <\/em>zu dem ein sch\u00f6nes Grundst\u00fcck geh\u00f6rte, schien die richtige Wahl zu sein, und selbst aus der Garage lie\u00df sich wohl etwas Vern\u00fcnftiges machen\u2026<\/p>\n<p>Unter Einsatz vieler ehrenamtlicher Helfer wurde das Haus und das zugeh\u00f6rige Grundst\u00fcck f\u00fcr die neue Bestimmung hergerichtet. Dazu geh\u00f6rte die Bepflanzung des Grundst\u00fccks, die Umgestaltung von Boden und Keller, vor allem aber \u2013 eine Spezialit\u00e4t von Pfarrer von Stockhausen \u2013 die Umwandlung der Garage zu einer Kapelle\u2026Die Koordinierung all dieser Arbeiten und die Bauleitung lag schon hier in den H\u00e4nden von Frau Brigitte Tonn.<\/p>\n<p><a href=\"https:\/\/prassek.ansgar-portal.de\/wp-content\/uploads\/sites\/2\/2020\/01\/geschichte_haus_emmaus_2.jpeg\"><img loading=\"lazy\" decoding=\"async\" class=\"wp-image-4962 aligncenter\" src=\"https:\/\/prassek.ansgar-portal.de\/wp-content\/uploads\/sites\/2\/2020\/01\/geschichte_haus_emmaus_2.jpeg\" alt=\"\" width=\"267\" height=\"334\" srcset=\"https:\/\/johannes-prassek.de\/wp-content\/uploads\/2020\/01\/geschichte_haus_emmaus_2.jpeg 480w, https:\/\/johannes-prassek.de\/wp-content\/uploads\/2020\/01\/geschichte_haus_emmaus_2-240x300.jpeg 240w\" sizes=\"auto, (max-width: 267px) 100vw, 267px\" \/><\/a>Sogar ein <em>Ackerwagen<\/em> wurde in der Nachbarschaft erworben und wurde \u2013unter \u201ehandgreiflicher\u201c und freudiger Beteiligung des Herrn Pfarrers \u2013 herbeigeschafft, um die \u201eUrigkeit\u201c des Grundst\u00fccks und Hauses zu betonen und die Spielfantasie der Kinder anzuregen.<\/p>\n<p><em>Erste Gruppen<\/em> nutzten bald schon begeistert das noch nicht ganz renovierte Haus, verbrachten hier eine sch\u00f6ne, gemeinschaftsstiftende Freizeit und feierten \u2013 einmal ganz anders \u2013auch Gottesdienst.<\/p>\n<p><a href=\"https:\/\/prassek.ansgar-portal.de\/wp-content\/uploads\/sites\/2\/2020\/01\/geschichte_haus_emmaus_7.jpeg\"><img loading=\"lazy\" decoding=\"async\" class=\"size-full wp-image-4967 aligncenter\" src=\"https:\/\/prassek.ansgar-portal.de\/wp-content\/uploads\/sites\/2\/2020\/01\/geschichte_haus_emmaus_7.jpeg\" alt=\"\" width=\"600\" height=\"399\" srcset=\"https:\/\/johannes-prassek.de\/wp-content\/uploads\/2020\/01\/geschichte_haus_emmaus_7.jpeg 600w, https:\/\/johannes-prassek.de\/wp-content\/uploads\/2020\/01\/geschichte_haus_emmaus_7-300x200.jpeg 300w\" sizes=\"auto, (max-width: 600px) 100vw, 600px\" \/><\/a>Und am Ostermontag des Jahres 1980, ein Jahr nach Unterzeichnung des Kaufvertrages und heute vor 25 Jahren, weihte der damalige<em>Weihbischof Karl-August Siegel<\/em> Kapelle und Haus feierlich ein.<br \/>\nUnter den vielen G\u00e4sten war auch Pater Leo vom Kloster N\u00fctschau.<br \/>\nSo schien hier eine Erfolgsgeschichte besonderer Art gestartet zu sein, und niemand hatte so recht bedacht, was sich \u2013 als unerwartete Folge \u2013 bald ergeben sollte\u2026<\/p>\n<p>Verst\u00e4ndlicherweise f\u00fchlten sich n\u00e4mlich die unmittelbaren Nachbarn dieses bald viel genutzten Hauses durch die oft auch fr\u00f6hlich l\u00e4rmenden <em>Wochenendgruppen<\/em> auf die Dauer empfindlich gest\u00f6rt, und so kam es zu Unmut und Protestversammlungen.<br \/>\nAuf einer dieser erregten Zusammenk\u00fcnfte fiel ein Hinweis, der Pfarrer von Stockhausen aufhorchen lie\u00df. Man solle sich doch nach Glinde orientieren; da wolle eine Familie ein gro\u00dfes, <em>einsamer gelegenes Haus<\/em> verlassen und loswerden\u2026<br \/>\nSo kam es \u2013 sehr bald schon \u2013 zum Erwerb dieses so viel g\u00fcnstiger gelegenen Hauses, des eigentlichen \u201eHaus Emmaus\u201c, in dem wir das 25j\u00e4hrige Jubil\u00e4um des gesamten\u201eEmmaus-Projektes\u201c heute feiern\u2026<\/p>\n<p><a href=\"https:\/\/prassek.ansgar-portal.de\/wp-content\/uploads\/sites\/2\/2020\/01\/geschichte_haus_emmaus_4.jpeg\"><img loading=\"lazy\" decoding=\"async\" class=\"wp-image-4964 aligncenter\" src=\"https:\/\/prassek.ansgar-portal.de\/wp-content\/uploads\/sites\/2\/2020\/01\/geschichte_haus_emmaus_4.jpeg\" alt=\"\" width=\"288\" height=\"207\" srcset=\"https:\/\/johannes-prassek.de\/wp-content\/uploads\/2020\/01\/geschichte_haus_emmaus_4.jpeg 600w, https:\/\/johannes-prassek.de\/wp-content\/uploads\/2020\/01\/geschichte_haus_emmaus_4-300x216.jpeg 300w\" sizes=\"auto, (max-width: 288px) 100vw, 288px\" \/><\/a><\/p>\n<p>Auch an diesem neuen und \u2013 von heute aus gesehen \u2013 eigentlichen \u201eHaus Emmaus\u201c waren wieder gro\u00dfe Umbauarbeiten f\u00e4llig. Auch w\u00e4hrend dieser Umbauzeit, in der wieder Frau Tonn dankenswerterweise Koordinierung und Bauleitung \u00fcbernahm, trafen sich immer wieder Gruppen der Gemeinde.<\/p>\n<p>Als die innere Umgestaltung des Hauses zu einem gewissen Abschluss gekommen war, baute man an der Hinterseite des Hauses eine Terrasse an, und dann schlug unweigerlich der Garage ihre Stunde\u2026<\/p>\n<p>Als der erste Schnee fiel, war sie \u2013 wen wundert\u2019s \u2013 zu einer Kapelle geworden\u2026<\/p>\n<p><a href=\"https:\/\/prassek.ansgar-portal.de\/wp-content\/uploads\/sites\/2\/2020\/01\/geschichte_haus_emmaus_5.jpeg\"><img loading=\"lazy\" decoding=\"async\" class=\"wp-image-4965 aligncenter\" src=\"https:\/\/prassek.ansgar-portal.de\/wp-content\/uploads\/sites\/2\/2020\/01\/geschichte_haus_emmaus_5.jpeg\" alt=\"\" width=\"303\" height=\"208\" srcset=\"https:\/\/johannes-prassek.de\/wp-content\/uploads\/2020\/01\/geschichte_haus_emmaus_5.jpeg 600w, https:\/\/johannes-prassek.de\/wp-content\/uploads\/2020\/01\/geschichte_haus_emmaus_5-300x206.jpeg 300w\" sizes=\"auto, (max-width: 303px) 100vw, 303px\" \/><\/a><\/p>\n<p>Alle warten auf die Einweihung der Kapelle und des ganzes Hauses durch <em>Weihbischof Karl August Siegel, <\/em>am ersten Adventssonntag 1984. Die Garagenumwidmung war ihm jetzt schon vertraut\u2026<\/p>\n<p><a href=\"https:\/\/prassek.ansgar-portal.de\/wp-content\/uploads\/sites\/2\/2020\/01\/geschichte_haus_emmaus_1.jpeg\"><img loading=\"lazy\" decoding=\"async\" class=\"wp-image-4961 aligncenter\" src=\"https:\/\/prassek.ansgar-portal.de\/wp-content\/uploads\/sites\/2\/2020\/01\/geschichte_haus_emmaus_1.jpeg\" alt=\"\" width=\"245\" height=\"358\" srcset=\"https:\/\/johannes-prassek.de\/wp-content\/uploads\/2020\/01\/geschichte_haus_emmaus_1.jpeg 411w, https:\/\/johannes-prassek.de\/wp-content\/uploads\/2020\/01\/geschichte_haus_emmaus_1-206x300.jpeg 206w\" sizes=\"auto, (max-width: 245px) 100vw, 245px\" \/><\/a><\/p>\n<p>In bester Laune wendet sich hier der Weihbischof dem Ehepaar Tonn zu,<br \/>\ndas zugesagt hat, den baulichen Zustand des Hauses im Auge zu behalten und sich bei f\u00e4lligen Bauma\u00dfnahmen zu engagieren, ja auch die Gesch\u00e4ftsf\u00fchrung wahrzunehmen. Und das tun die beiden bis heute\u2026<\/p>\n<p><a href=\"https:\/\/prassek.ansgar-portal.de\/wp-content\/uploads\/sites\/2\/2020\/01\/geschichte_haus_emmaus_8.jpeg\"><img loading=\"lazy\" decoding=\"async\" class=\"wp-image-4968 aligncenter\" src=\"https:\/\/prassek.ansgar-portal.de\/wp-content\/uploads\/sites\/2\/2020\/01\/geschichte_haus_emmaus_8.jpeg\" alt=\"\" width=\"299\" height=\"205\" srcset=\"https:\/\/johannes-prassek.de\/wp-content\/uploads\/2020\/01\/geschichte_haus_emmaus_8.jpeg 600w, https:\/\/johannes-prassek.de\/wp-content\/uploads\/2020\/01\/geschichte_haus_emmaus_8-300x206.jpeg 300w\" sizes=\"auto, (max-width: 299px) 100vw, 299px\" \/><\/a><\/p>\n<p>Noch gr\u00f6\u00dfer ist die Freude \u00fcber diese Bereitschaft aber bei Pfarrer von Stockhausen. Ihm ist wirklich ein Traum in Erf\u00fcllung gegangen, und er wei\u00df das Wohl des Hauses nun in guten H\u00e4nden.<\/p>\n<p>&nbsp;<\/p>\n<p>Nach dem Tod von Frau Bernhart konnte <em>Marcel Steinh\u00e4user<\/em> f\u00fcr das Team von \u201eHaus Emmaus\u201c gewonnen werden; er k\u00fcmmert sich seitdem um die Termingestaltung und die Auslastung des Hauses.<\/p>\n<p>Und so wird das Haus von den unterschiedlichsten Gruppen immer wieder gern genutzt:<\/p>\n<p><a href=\"https:\/\/prassek.ansgar-portal.de\/wp-content\/uploads\/sites\/2\/2020\/01\/geschichte_haus_emmaus_9.jpeg\"><img loading=\"lazy\" decoding=\"async\" class=\" wp-image-4969 aligncenter\" src=\"https:\/\/prassek.ansgar-portal.de\/wp-content\/uploads\/sites\/2\/2020\/01\/geschichte_haus_emmaus_9.jpeg\" alt=\"\" width=\"273\" height=\"240\" srcset=\"https:\/\/johannes-prassek.de\/wp-content\/uploads\/2020\/01\/geschichte_haus_emmaus_9.jpeg 600w, https:\/\/johannes-prassek.de\/wp-content\/uploads\/2020\/01\/geschichte_haus_emmaus_9-300x264.jpeg 300w\" sizes=\"auto, (max-width: 273px) 100vw, 273px\" \/><\/a><\/p>\n<p>Von Familienkreisen, von der KAB-Gruppe, vom Kirchenchor, der das Haus innerhalb des Kirchenjahres immer wieder auch nutzt zu einer zusammenh\u00e4ngenden \u00dcbungszeit.\u00a0Auch Familienkreise \u2013 und besonders unser Kindergarten \u2013 wissen das Haus und seine Vorz\u00fcge zu sch\u00e4tzen und sind immer wieder gern seine G\u00e4ste.<\/p>\n<p>Ganz besonders lieb scheint dieses Haus mit seinen M\u00f6glichkeiten aber unserem neuen Pfarrer, Stefan Krinke, zu sein: Er wei\u00df es ganz gezielt und selber sehr engagiert zu nutzen, z.B. f\u00fcr die Gruppen der Erstkommunikanten und der Firmanden.<\/p>\n<p><a href=\"https:\/\/prassek.ansgar-portal.de\/wp-content\/uploads\/sites\/2\/2020\/01\/geschichte_haus_emmaus_13.jpeg\"><img loading=\"lazy\" decoding=\"async\" class=\"alignnone  wp-image-4960\" src=\"https:\/\/prassek.ansgar-portal.de\/wp-content\/uploads\/sites\/2\/2020\/01\/geschichte_haus_emmaus_13.jpeg\" alt=\"\" width=\"141\" height=\"188\" srcset=\"https:\/\/johannes-prassek.de\/wp-content\/uploads\/2020\/01\/geschichte_haus_emmaus_13.jpeg 450w, https:\/\/johannes-prassek.de\/wp-content\/uploads\/2020\/01\/geschichte_haus_emmaus_13-225x300.jpeg 225w\" sizes=\"auto, (max-width: 141px) 100vw, 141px\" \/><\/a><a href=\"https:\/\/prassek.ansgar-portal.de\/wp-content\/uploads\/sites\/2\/2020\/01\/geschichte_haus_emmaus_11.jpeg\"><img loading=\"lazy\" decoding=\"async\" class=\"alignnone  wp-image-4971\" src=\"https:\/\/prassek.ansgar-portal.de\/wp-content\/uploads\/sites\/2\/2020\/01\/geschichte_haus_emmaus_11.jpeg\" alt=\"\" width=\"170\" height=\"128\" srcset=\"https:\/\/johannes-prassek.de\/wp-content\/uploads\/2020\/01\/geschichte_haus_emmaus_11.jpeg 600w, https:\/\/johannes-prassek.de\/wp-content\/uploads\/2020\/01\/geschichte_haus_emmaus_11-300x225.jpeg 300w\" sizes=\"auto, (max-width: 170px) 100vw, 170px\" \/><\/a><a href=\"https:\/\/prassek.ansgar-portal.de\/wp-content\/uploads\/sites\/2\/2020\/01\/geschichte_haus_emmaus_6.jpeg\"><img loading=\"lazy\" decoding=\"async\" class=\"alignnone  wp-image-4966\" src=\"https:\/\/prassek.ansgar-portal.de\/wp-content\/uploads\/sites\/2\/2020\/01\/geschichte_haus_emmaus_6.jpeg\" alt=\"\" width=\"180\" height=\"135\" srcset=\"https:\/\/johannes-prassek.de\/wp-content\/uploads\/2020\/01\/geschichte_haus_emmaus_6.jpeg 600w, https:\/\/johannes-prassek.de\/wp-content\/uploads\/2020\/01\/geschichte_haus_emmaus_6-300x225.jpeg 300w\" sizes=\"auto, (max-width: 180px) 100vw, 180px\" \/><\/a><\/p>\n<p>So geschehen in diesem so ideal gelegenen Haus immer wieder Dinge, die letztlich in der Perspektive gesehen werden m\u00f6chten, die<em>Pfarrer von Stockhausen<\/em> \u2013 schon beim Kauf des ersten Hauses -als dessen Zielsetzung in die Worte fasste:<\/p>\n<p>\u201e<em>Was einst auf jenem denkw\u00fcrdigen Weg von Jerusalem nach Emmaus und in Emmaus beim &gt;Brechen des Brotes&lt; geschah, m\u00f6chte sich im &gt;Haus Emmaus&lt; immer wieder neu ereignen: &gt;Da gingen ihnen die Augen auf und sie erkannten Ihn.&lt; In Gespr\u00e4chen, beim Gottesdienst und Gebet, in Stunden des gemeinsamen Lebens m\u00f6chte Er uns die Augen \u00f6ffnen f\u00fcr den Weg, den Er bisher \u2013 oft unerkannt \u2013 mit uns gegangen, den Er in Zukunft mit uns gehen m\u00f6chte. Einst brachen die J\u00fcnger von Emmaus auf, um den Br\u00fcdern (und Schwestern) zu verk\u00fcnden: Er, den wir f\u00fcr tot hielten, Er lebt, Er ist wahrhaft erstanden!\u201c<\/em><\/p>\n","protected":false},"excerpt":{"rendered":"<p>Die Geschichte des \u201eHaus Emmaus\u201c von Klaus Lutterb\u00fcse und Vincenz Wagner Wir haben in unserem Pfarrarchiv ein Fotoalbum mit dem Titel \u201eEin Traum wird Wirklichkeit\u201c. Darin ist anhand von Fotos dokumentiert, wie es zum \u201eHaus Emmaus\u201c kam. Alles begann wirklich damit, dass da jemand war, der eine Vision, einen Traum hatte, dessen Verwirklichung er \u00fcber &hellip; <a href=\"https:\/\/johannes-prassek.de\/?page_id=4807\" class=\"more-link\"><span class=\"screen-reader-text\">Haus Emmaus Geschichte<\/span> weiterlesen <span class=\"meta-nav\">&rarr;<\/span><\/a><\/p>\n","protected":false},"author":1,"featured_media":0,"parent":4801,"menu_order":20,"comment_status":"closed","ping_status":"closed","template":"","meta":{"_uag_custom_page_level_css":"","ngg_post_thumbnail":0,"cybocfi_hide_featured_image":"","footnotes":""},"class_list":["post-4807","page","type-page","status-publish","hentry"],"uagb_featured_image_src":{"full":false,"thumbnail":false,"medium":false,"medium_large":false,"large":false,"1536x1536":false,"2048x2048":false,"post-thumbnail":false,"twentyfourteen-full-width":false,"mailpoet_newsletter_max":false},"uagb_author_info":{"display_name":"wp_admin","author_link":"https:\/\/johannes-prassek.de\/?author=1"},"uagb_comment_info":0,"uagb_excerpt":"Die Geschichte des \u201eHaus Emmaus\u201c von Klaus Lutterb\u00fcse und Vincenz Wagner Wir haben in unserem Pfarrarchiv ein Fotoalbum mit dem Titel \u201eEin Traum wird Wirklichkeit\u201c. Darin ist anhand von Fotos dokumentiert, wie es zum \u201eHaus Emmaus\u201c kam. Alles begann wirklich damit, dass da jemand war, der eine Vision, einen Traum hatte, dessen Verwirklichung er \u00fcber&hellip;","publishpress_future_action":{"enabled":false,"date":"2026-04-21 08:41:28","action":"change-status","newStatus":"draft","terms":[],"taxonomy":"","extraData":[]},"publishpress_future_workflow_manual_trigger":{"enabledWorkflows":[]},"_links":{"self":[{"href":"https:\/\/johannes-prassek.de\/index.php?rest_route=\/wp\/v2\/pages\/4807","targetHints":{"allow":["GET"]}}],"collection":[{"href":"https:\/\/johannes-prassek.de\/index.php?rest_route=\/wp\/v2\/pages"}],"about":[{"href":"https:\/\/johannes-prassek.de\/index.php?rest_route=\/wp\/v2\/types\/page"}],"author":[{"embeddable":true,"href":"https:\/\/johannes-prassek.de\/index.php?rest_route=\/wp\/v2\/users\/1"}],"replies":[{"embeddable":true,"href":"https:\/\/johannes-prassek.de\/index.php?rest_route=%2Fwp%2Fv2%2Fcomments&post=4807"}],"version-history":[{"count":1,"href":"https:\/\/johannes-prassek.de\/index.php?rest_route=\/wp\/v2\/pages\/4807\/revisions"}],"predecessor-version":[{"id":11917,"href":"https:\/\/johannes-prassek.de\/index.php?rest_route=\/wp\/v2\/pages\/4807\/revisions\/11917"}],"up":[{"embeddable":true,"href":"https:\/\/johannes-prassek.de\/index.php?rest_route=\/wp\/v2\/pages\/4801"}],"wp:attachment":[{"href":"https:\/\/johannes-prassek.de\/index.php?rest_route=%2Fwp%2Fv2%2Fmedia&parent=4807"}],"curies":[{"name":"wp","href":"https:\/\/api.w.org\/{rel}","templated":true}]}}