{"id":4661,"date":"2019-12-19T04:53:03","date_gmt":"2019-12-19T03:53:03","guid":{"rendered":"https:\/\/www.johannes-prassek.de\/?page_id=4661"},"modified":"2022-05-24T01:09:09","modified_gmt":"2022-05-23T23:09:09","slug":"geburtstagsbesuchsdienst","status":"publish","type":"page","link":"https:\/\/johannes-prassek.de\/?page_id=4661","title":{"rendered":"Geburtstagsbesuchsdienst in St. Wilhelm"},"content":{"rendered":"\n<p><strong>Geburtstagsbesuchsdienst<\/strong><\/p>\n\n\n\n<p>&nbsp;In St. Wilhelm gibt es einen Kreis von Ehrenamtlichen, die es sich zur Aufgabe gemacht haben, die Senioren unserer Gemeinde zum Geburtstag zu besuchen und einen Gru\u00df der Gemeinde zu \u00fcberbringen.<\/p>\n\n\n\n<p>Dieser Kreis trifft sich zweimal im Jahr, um die f\u00e4lligen Geburtstagsbesuche aufzuteilen, zu koordinieren, Fragen zu kl\u00e4ren und sich auszutauschen.<\/p>\n\n\n\n<p>75 j\u00e4hrige erhalten den Geburtstagsgru\u00df per Post.<br>Ab dem 80. Geburtstag sind wir bem\u00fcht, den Geburtstagsgru\u00df pers\u00f6nlich&nbsp;zu \u00fcberbringen. Leider gelingt das nicht immer, weil die Ehrenamtlichen&nbsp;mit den bereits \u00fcbernommenen Besuchen ausgelastet sind.&nbsp;<br>Es w\u00e4re hilfreich und zu begr\u00fc\u00dfen, wenn sich die Eine oder der Andere&nbsp;zu einem Geburtstagsbesuch bereit f\u00e4nden. &nbsp;<br>Eigene Zeit verschenken und einem Anderen Freude bereiten, das sollte Tradition in St. Wilhelm bleiben. <\/p>\n\n\n\n<p>Kontakt: Monika Nowotny zu erreichen \u00fcber das Gemeindeb\u00fcro<\/p>\n","protected":false},"excerpt":{"rendered":"<p>Geburtstagsbesuchsdienst &nbsp;In St. Wilhelm gibt es einen Kreis von Ehrenamtlichen, die es sich zur Aufgabe gemacht haben, die Senioren unserer Gemeinde zum Geburtstag zu besuchen und einen Gru\u00df der Gemeinde zu \u00fcberbringen. Dieser Kreis trifft sich zweimal im Jahr, um die f\u00e4lligen Geburtstagsbesuche aufzuteilen, zu koordinieren, Fragen zu kl\u00e4ren und sich auszutauschen. 75 j\u00e4hrige erhalten &hellip; <a href=\"https:\/\/johannes-prassek.de\/?page_id=4661\" class=\"more-link\"><span class=\"screen-reader-text\">Geburtstagsbesuchsdienst in St. Wilhelm<\/span> weiterlesen <span class=\"meta-nav\">&rarr;<\/span><\/a><\/p>\n","protected":false},"author":1,"featured_media":0,"parent":4649,"menu_order":30,"comment_status":"closed","ping_status":"closed","template":"","meta":{"_uag_custom_page_level_css":"","ngg_post_thumbnail":0,"cybocfi_hide_featured_image":"","footnotes":""},"class_list":["post-4661","page","type-page","status-publish","hentry"],"uagb_featured_image_src":{"full":false,"thumbnail":false,"medium":false,"medium_large":false,"large":false,"1536x1536":false,"2048x2048":false,"post-thumbnail":false,"twentyfourteen-full-width":false,"mailpoet_newsletter_max":false},"uagb_author_info":{"display_name":"wp_admin","author_link":"https:\/\/johannes-prassek.de\/?author=1"},"uagb_comment_info":0,"uagb_excerpt":"Geburtstagsbesuchsdienst &nbsp;In St. Wilhelm gibt es einen Kreis von Ehrenamtlichen, die es sich zur Aufgabe gemacht haben, die Senioren unserer Gemeinde zum Geburtstag zu besuchen und einen Gru\u00df der Gemeinde zu \u00fcberbringen. Dieser Kreis trifft sich zweimal im Jahr, um die f\u00e4lligen Geburtstagsbesuche aufzuteilen, zu koordinieren, Fragen zu kl\u00e4ren und sich auszutauschen. 75 j\u00e4hrige erhalten&hellip;","publishpress_future_action":{"enabled":false,"date":"2026-05-16 10:59:08","action":"change-status","newStatus":"draft","terms":[],"taxonomy":"","extraData":[]},"publishpress_future_workflow_manual_trigger":{"enabledWorkflows":[]},"_links":{"self":[{"href":"https:\/\/johannes-prassek.de\/index.php?rest_route=\/wp\/v2\/pages\/4661","targetHints":{"allow":["GET"]}}],"collection":[{"href":"https:\/\/johannes-prassek.de\/index.php?rest_route=\/wp\/v2\/pages"}],"about":[{"href":"https:\/\/johannes-prassek.de\/index.php?rest_route=\/wp\/v2\/types\/page"}],"author":[{"embeddable":true,"href":"https:\/\/johannes-prassek.de\/index.php?rest_route=\/wp\/v2\/users\/1"}],"replies":[{"embeddable":true,"href":"https:\/\/johannes-prassek.de\/index.php?rest_route=%2Fwp%2Fv2%2Fcomments&post=4661"}],"version-history":[{"count":1,"href":"https:\/\/johannes-prassek.de\/index.php?rest_route=\/wp\/v2\/pages\/4661\/revisions"}],"predecessor-version":[{"id":11921,"href":"https:\/\/johannes-prassek.de\/index.php?rest_route=\/wp\/v2\/pages\/4661\/revisions\/11921"}],"up":[{"embeddable":true,"href":"https:\/\/johannes-prassek.de\/index.php?rest_route=\/wp\/v2\/pages\/4649"}],"wp:attachment":[{"href":"https:\/\/johannes-prassek.de\/index.php?rest_route=%2Fwp%2Fv2%2Fmedia&parent=4661"}],"curies":[{"name":"wp","href":"https:\/\/api.w.org\/{rel}","templated":true}]}}