{"id":4657,"date":"2019-12-19T04:51:58","date_gmt":"2019-12-19T03:51:58","guid":{"rendered":"https:\/\/www.johannes-prassek.de\/?page_id=4657"},"modified":"2024-03-17T16:28:15","modified_gmt":"2024-03-17T15:28:15","slug":"frauengruppe-aufbruch-in-st-wilhelm","status":"publish","type":"page","link":"https:\/\/johannes-prassek.de\/?page_id=4657","title":{"rendered":"Frauengruppe &#8222;Aufbruch&#8220; in St. Wilhelm"},"content":{"rendered":"<p>Treffen ab 14:30 Uhr im Gro\u00dfen Gemeinderaum von St. Wilhelm<\/p>\n\n\n\n<p>05.06.2024 &#8211; Gem\u00fctliches Beisammensein<br \/>19.06.2024 &#8211; Gem\u00fctliches Beisammensein<br \/>03.07.2024 &#8211; Vortrag von Irene Ittekkot: &#8222;Geschichte wird Schauspiel: Shakespeares K\u00f6nigsdramen&#8220;<br \/>17.07.2024 &#8211; Picknick im Freien<\/p>","protected":false},"excerpt":{"rendered":"<p>Treffen ab 14:30 Uhr im Gro\u00dfen Gemeinderaum von St. Wilhelm<\/p>\n\n\n\n<p>05.06.2024 &#8211; Gem\u00fctliches Beisammensein<br \/>19.06.2024 &#8211; Gem\u00fctliches Beisammensein<br \/>03.07.2024 &#8211; Vortrag von Irene Ittekkot: &#8222;Geschichte wird Schauspiel: Shakespeares K\u00f6nigsdramen&#8220;<br \/>17.07.2024 &#8211; Picknick im Freien<\/p>","protected":false},"author":1,"featured_media":0,"parent":4649,"menu_order":10,"comment_status":"closed","ping_status":"closed","template":"","meta":{"_uag_custom_page_level_css":"","ngg_post_thumbnail":0,"cybocfi_hide_featured_image":"","footnotes":""},"class_list":["post-4657","page","type-page","status-publish","hentry"],"uagb_featured_image_src":{"full":false,"thumbnail":false,"medium":false,"medium_large":false,"large":false,"1536x1536":false,"2048x2048":false,"post-thumbnail":false,"twentyfourteen-full-width":false,"mailpoet_newsletter_max":false},"uagb_author_info":{"display_name":"wp_admin","author_link":"https:\/\/johannes-prassek.de\/?author=1"},"uagb_comment_info":0,"uagb_excerpt":"Treffen ab 14:30 Uhr im Gro\u00dfen Gemeinderaum von St. Wilhelm 05.06.2024 &#8211; Gem\u00fctliches Beisammensein19.06.2024 &#8211; Gem\u00fctliches Beisammensein03.07.2024 &#8211; Vortrag von Irene Ittekkot: &#8222;Geschichte wird Schauspiel: Shakespeares K\u00f6nigsdramen&#8220;17.07.2024 &#8211; Picknick im Freien","publishpress_future_action":{"enabled":false,"date":"2026-05-22 12:11:51","action":"change-status","newStatus":"draft","terms":[],"taxonomy":"","extraData":[]},"publishpress_future_workflow_manual_trigger":{"enabledWorkflows":[]},"_links":{"self":[{"href":"https:\/\/johannes-prassek.de\/index.php?rest_route=\/wp\/v2\/pages\/4657","targetHints":{"allow":["GET"]}}],"collection":[{"href":"https:\/\/johannes-prassek.de\/index.php?rest_route=\/wp\/v2\/pages"}],"about":[{"href":"https:\/\/johannes-prassek.de\/index.php?rest_route=\/wp\/v2\/types\/page"}],"author":[{"embeddable":true,"href":"https:\/\/johannes-prassek.de\/index.php?rest_route=\/wp\/v2\/users\/1"}],"replies":[{"embeddable":true,"href":"https:\/\/johannes-prassek.de\/index.php?rest_route=%2Fwp%2Fv2%2Fcomments&post=4657"}],"version-history":[{"count":4,"href":"https:\/\/johannes-prassek.de\/index.php?rest_route=\/wp\/v2\/pages\/4657\/revisions"}],"predecessor-version":[{"id":14209,"href":"https:\/\/johannes-prassek.de\/index.php?rest_route=\/wp\/v2\/pages\/4657\/revisions\/14209"}],"up":[{"embeddable":true,"href":"https:\/\/johannes-prassek.de\/index.php?rest_route=\/wp\/v2\/pages\/4649"}],"wp:attachment":[{"href":"https:\/\/johannes-prassek.de\/index.php?rest_route=%2Fwp%2Fv2%2Fmedia&parent=4657"}],"curies":[{"name":"wp","href":"https:\/\/api.w.org\/{rel}","templated":true}]}}