{"id":104,"date":"2014-02-10T16:02:36","date_gmt":"2014-02-10T14:02:36","guid":{"rendered":"http:\/\/prassek.web-ansgar-medien.de\/?page_id=104"},"modified":"2014-02-10T16:02:36","modified_gmt":"2014-02-10T14:02:36","slug":"pfarrkirche-st-bernard","status":"publish","type":"page","link":"https:\/\/johannes-prassek.de\/?page_id=104","title":{"rendered":"Gemeindekirche St. Bernard"},"content":{"rendered":"<p><img loading=\"lazy\" decoding=\"async\" class=\"alignleft size-full wp-image-880\" src=\"https:\/\/prassek.ansgar-portal.de\/wp-content\/uploads\/sites\/2\/2014\/02\/bernard.jpg\" alt=\"bernard\" width=\"200\" height=\"200\" srcset=\"https:\/\/johannes-prassek.de\/wp-content\/uploads\/2014\/02\/bernard.jpg 200w, https:\/\/johannes-prassek.de\/wp-content\/uploads\/2014\/02\/bernard-150x150.jpg 150w\" sizes=\"auto, (max-width: 200px) 100vw, 200px\" \/>Im Hamburger Nordosten finden sie unsere lebendige katholische Kirchengemeinde, die die Ortsteile Sasel, Wellingsb\u00fcttel und Poppenb\u00fcttel umfasst.<\/p>\n<p>Neben den zahlreichen Aktivit\u00e4ten unserer Gruppen z\u00e4hlt der Sonntagsgottesdienst zu den zentralen Treffen in unserem Gemeindeleben. Beim anschlie\u00dfenden Kirchenkaffee im Gemeindezentrum stehen das Gespr\u00e4ch und der unkomplizierte Austausch untereinander im Vordergrund. Ebenfalls wichtiger Bestandteil unserer Gemeinde ist der Kindergarten mit seinen drei Gruppen und einer Krippe.<\/p>\n<p>Bei vielen Gottesdiensten (Erntedank, Sternsinger, Kinderkirche u.s.w.) stehen gerade unsere j\u00fcngsten Gemeindemitglieder im Mittelpunkt des Geschehens. Hier haben sich schon viele Familienkreise oder auch sonstige Freundschaften in der Gemeinde gefunden.<\/p>\n<p>Eine vollst\u00e4ndige \u00dcbersicht \u00fcber unsere Gemeinde mit den Gottesdiensten, den zahlreichen Gruppen, unseren Aktivit\u00e4ten, den Gremien und den wichtigsten Ansprechpartnern finden Sie auf unserer Homepage <a href=\"http:\/\/www.sankt-bernard.de\" target=\"_blank\" rel=\"noopener noreferrer\">www.sankt-bernard.de<\/a> oder auf unserem YouTube Kanal unter: <a href=\"http:\/\/www.youtube.com\/user\/Sanktbernardhamburg\" target=\"_blank\" rel=\"noopener noreferrer\">www.youtube.com\/user\/Sanktbernardhamburg<\/a>.<\/p>\n<p>Email:\u00a0<span class=\"s1\"><a href=\"mailto:st.bernard@johannes-prassek.de\">st.bernard@johannes-prassek.de<\/a><\/span><\/p>\n","protected":false},"excerpt":{"rendered":"<p>Im Hamburger Nordosten finden sie unsere lebendige katholische Kirchengemeinde, die die Ortsteile Sasel, Wellingsb\u00fcttel und Poppenb\u00fcttel umfasst. Neben den zahlreichen Aktivit\u00e4ten unserer Gruppen z\u00e4hlt der Sonntagsgottesdienst zu den zentralen Treffen in unserem Gemeindeleben. Beim anschlie\u00dfenden Kirchenkaffee im Gemeindezentrum stehen das Gespr\u00e4ch und der unkomplizierte Austausch untereinander im Vordergrund. Ebenfalls wichtiger Bestandteil unserer Gemeinde ist der &hellip; <a href=\"https:\/\/johannes-prassek.de\/?page_id=104\" class=\"more-link\"><span class=\"screen-reader-text\">Gemeindekirche St. Bernard<\/span> weiterlesen <span class=\"meta-nav\">&rarr;<\/span><\/a><\/p>\n","protected":false},"author":1,"featured_media":0,"parent":632,"menu_order":40,"comment_status":"closed","ping_status":"closed","template":"","meta":{"_uag_custom_page_level_css":"","ngg_post_thumbnail":0,"cybocfi_hide_featured_image":"","footnotes":""},"class_list":["post-104","page","type-page","status-publish","hentry"],"uagb_featured_image_src":{"full":false,"thumbnail":false,"medium":false,"medium_large":false,"large":false,"1536x1536":false,"2048x2048":false,"post-thumbnail":false,"twentyfourteen-full-width":false,"mailpoet_newsletter_max":false},"uagb_author_info":{"display_name":"wp_admin","author_link":"https:\/\/johannes-prassek.de\/?author=1"},"uagb_comment_info":0,"uagb_excerpt":"Im Hamburger Nordosten finden sie unsere lebendige katholische Kirchengemeinde, die die Ortsteile Sasel, Wellingsb\u00fcttel und Poppenb\u00fcttel umfasst. Neben den zahlreichen Aktivit\u00e4ten unserer Gruppen z\u00e4hlt der Sonntagsgottesdienst zu den zentralen Treffen in unserem Gemeindeleben. Beim anschlie\u00dfenden Kirchenkaffee im Gemeindezentrum stehen das Gespr\u00e4ch und der unkomplizierte Austausch untereinander im Vordergrund. Ebenfalls wichtiger Bestandteil unserer Gemeinde ist der&hellip;","publishpress_future_action":{"enabled":false,"date":"2026-05-16 10:58:27","action":"change-status","newStatus":"draft","terms":[],"taxonomy":"","extraData":[]},"publishpress_future_workflow_manual_trigger":{"enabledWorkflows":[]},"_links":{"self":[{"href":"https:\/\/johannes-prassek.de\/index.php?rest_route=\/wp\/v2\/pages\/104","targetHints":{"allow":["GET"]}}],"collection":[{"href":"https:\/\/johannes-prassek.de\/index.php?rest_route=\/wp\/v2\/pages"}],"about":[{"href":"https:\/\/johannes-prassek.de\/index.php?rest_route=\/wp\/v2\/types\/page"}],"author":[{"embeddable":true,"href":"https:\/\/johannes-prassek.de\/index.php?rest_route=\/wp\/v2\/users\/1"}],"replies":[{"embeddable":true,"href":"https:\/\/johannes-prassek.de\/index.php?rest_route=%2Fwp%2Fv2%2Fcomments&post=104"}],"version-history":[{"count":0,"href":"https:\/\/johannes-prassek.de\/index.php?rest_route=\/wp\/v2\/pages\/104\/revisions"}],"up":[{"embeddable":true,"href":"https:\/\/johannes-prassek.de\/index.php?rest_route=\/wp\/v2\/pages\/632"}],"wp:attachment":[{"href":"https:\/\/johannes-prassek.de\/index.php?rest_route=%2Fwp%2Fv2%2Fmedia&parent=104"}],"curies":[{"name":"wp","href":"https:\/\/api.w.org\/{rel}","templated":true}]}}